
19
What is the remainder when 71 is divided by 20?
11
Calculate the remainder when 287 is divided by 69.
11
Calculate the remainder when 1022 is divided by 49.
42
What is the remainder when 328 is divided by 167?
161
Calculate the remainder when 232 is divided by 34.
28
Calculate the remainder when 100235 is divided by 12.
11
What is the remainder when 387 is divided by 39?
36
Calculate the remainder when 473 is divided by 34.
31
What is the remainder when 382 is divided by 64?
62
What is the remainder when 986 is divided by 3?
2
Calculate the remainder when 3582 is divided by 14.
12
Calculate the remainder when 799 is divided by 3.
1
What is the remainder when 93 is divided by 53?
40
What is the remainder when 582 is divided by 120?
102
Calculate the remainder when 277 is divided by 74.
55
Calculate the remainder when 236 is divided by 113.
10
Calculate the remainder when 85 is divided by 45.
40
Calculate the remainder when 807 is divided by 27.
24
What is the remainder when 234 is divided by 104?
26
Calculate the remainder when 291 is divided by 103.
85
What is the remainder when 169 is divided by 17?
16
What is the remainder when 123 is divided by 21?
18
Calculate the remainder when 49 is divided by 25.
24
Calculate the remainder when 138 is divided by 41.
15
Calculate the remainder when 42580 is divided by 97.
94
Calculate the remainder when 2235 is divided by 52.
51
What is the remainder when 3147 is divided by 47?
45
Calculate the remainder when 59 is divided by 14.
3
Calculate the remainder when 355 is divided by 17.
15
Calculate the remainder when 236 is divided by 30.
26
What is the remainder when 666 is divided by 23?
22
What is the remainder when 2514 is divided by 148?
146
Calculate the remainder when 53 is divided by 26.
1
What is the remainder when 8845 is divided by 79?
76
What is the remainder when 107 is divided by 4?
3
Calculate the remainder when 634 is divided by 296.
42
What is the remainder when 23264 is divided by 14?
10
What is the remainder when 301 is divided by 59?
6
What is the remainder when 32 is divided by 23?
9
Calculate the remainder when 56 is divided by 32.
24
Calculate the remainder when 1627 is divided by 11.
10
Calculate the remainder when 18 is divided by 3.
0
What is the remainder when 1042 is divided by 12?
10
What is the remainder when 3295 is divided by 87?
76
Calculate the remainder when 1451 is divided by 33.
32
What is the remainder when 138 is divided by 4?
2
Calculate the remainder when 190 is divided by 11.
3
What is the remainder when 672 is divided by 77?
56
Calculate the remainder when 727 is divided by 27.
25
Calculate the remainder when 425 is divided by 11.
7
What is the remainder when 42 is divided by 10?
2
What is the remainder when 83 is divided by 12?
11
Calculate the remainder when 1318 is divided by 66.
64
What is the remainder when 346 is divided by 114?
4
Calculate the remainder when 225 is divided by 14.
1
Calculate the remainder when 1173 is divided by 98.
95
Calculate the remainder when 169 is divided by 34.
33
Calculate the remainder when 4551 is divided by 3.
0
Calculate the remainder when 569 is divided by 95.
94
Calculate the remainder when 635 is divided by 24.
11
What is the remainder when 3421 is divided by 58?
57
What is the remainder when 107 is divided by 32?
11
Calculate the remainder when 521 is divided by 87.
86
Calculate the remainder when 2855 is divided by 220.
215
What is the remainder when 703 is divided by 44?
43
Calculate the remainder when 118 is divided by 24.
22
What is the remainder when 1745 is divided by 97?
96
What is the remainder when 65 is divided by 13?
0
What is the remainder when 974 is divided by 122?
120
Calculate the remainder when 8007 is divided by 154.
153
Calculate the remainder when 150 is divided by 31.
26
Calculate the remainder when 834 is divided by 194.
58
Calculate the remainder when 388 is divided by 6.
4
What is the remainder when 28 is divided by 6?
4
Calculate the remainder when 488 is divided by 358.
130
What is the remainder when 236 is divided by 9?
2
What is the remainder when 151 is divided by 140?
11
Calculate the remainder when 61 is divided by 9.
7
Calculate the remainder when 690 is divided by 160.
50
What is the remainder when 135 is divided by 48?
39
What is the remainder when 975 is divided by 25?
0
What is the remainder when 263 is divided by 45?
38
Calculate the remainder when 86 is divided by 10.
6
Calculate the remainder when 826 is divided by 266.
28
Calculate the remainder when 673 is divided by 40.
33
Calculate the remainder when 3862 is divided by 28.
26
Calculate the remainder when 488 is divided by 49.
47
What is the remainder when 18 is divided by 3?
0
Calculate the remainder when 1401 is divided by 232.
9
What is the remainder when 323 is divided by 265?
58
What is the remainder when 796 is divided by 57?
55
Calculate the remainder when 144 is divided by 46.
6
Calculate the remainder when 1776 is divided by 162.
156
What is the remainder when 2508 is divided by 501?
3
Calculate the remainder when 1879 is divided by 463.
27
Calculate the remainder when 554 is divided by 34.
10
Calculate the remainder when 163 is divided by 30.
13
What is the remainder when 357 is divided by 124?
109
What is the remainder when 3426 is divided by 263?
7
What is the remainder when 234 is divided by 177?
57
What is the remainder when 306 is divided by 105?
96
Calculate the remainder when 260 is divided by 93.
74
Calculate the remainder when 1103 is divided by 187.
168
Calculate the remainder when 169 is divided by 17.
16
Calculate the remainder when 77 is divided by 16.
13
Calculate the remainder when 1209 is divided by 5.
4
What is the remainder when 158 is divided by 69?
20
What is the remainder when 36 is divided by 14?
8
What is the remainder when 256 is divided by 46?
26
What is the remainder when 15 is divided by 9?
6
What is the remainder when 1377 is divided by 155?
137
What is the remainder when 734 is divided by 39?
32
Calculate the remainder when 1766 is divided by 587.
5
Calculate the remainder when 111 is divided by 20.
11
Calculate the remainder when 67 is divided by 19.
10
What is the remainder when 115 is divided by 35?
10
Calculate the remainder when 559 is divided by 56.
55
What is the remainder when 3392 is divided by 35?
32
Calculate the remainder when 183 is divided by 32.
23
Calculate the remainder when 252 is divided by 20.
12
What is the remainder when 811 is divided by 100?
11
Calculate the remainder when 497 is divided by 4.
1
What is the remainder when 649 is divided by 645?
4
Calculate the remainder when 1047 is divided by 378.
291
Calculate the remainder when 34827 is divided by 311.
306
What is the remainder when 449 is divided by 30?
29
What is the remainder when 520 is divided by 29?
27
Calculate the remainder when 1954 is divided by 108.
10
What is the remainder when 100 is divided by 56?
44
What is the remainder when 928 is divided by 14?
4
What is the remainder when 988 is divided by 31?
27
Calculate the remainder when 917 is divided by 304.
5
What is the remainder when 699 is divided by 8?
3
What is the remainder when 356 is divided by 51?
50
What is the remainder when 836 is divided by 21?
17
Calculate the remainder when 26 is divided by 10.
6
Calculate the remainder when 42 is divided by 34.
8
What is the remainder when 224 is divided by 25?
24
What is the remainder when 283 is divided by 133?
17
Calculate the remainder when 138 is divided by 24.
18
What is the remainder when 579 is divided by 116?
115
What is the remainder when 7336 is divided by 31?
20
What is the remainder when 470 is divided by 161?
148
Calculate the remainder when 476 is divided by 146.
38
What is the remainder when 5599 is divided by 47?
6
Calculate the remainder when 917 is divided by 46.
43
What is the remainder when 97 is divided by 54?
43
What is the remainder when 563 is divided by 143?
134
What is the remainder when 43 is divided by 5?
3
What is the remainder when 6509 is divided by 11?
8
What is the remainder when 22 is divided by 1?
0
Calculate the remainder when 348 is divided by 116.
0
Calculate the remainder when 499 is divided by 35.
9
Calculate the remainder when 158 is divided by 34.
22
What is th